3 + x**2 + 6*x - 3. Let m be l(2). Suppose 5*d = -f - 14, 3*f - 2*d = -m*d - 6. What are the prime factors of 3 - (0 - -4) - -177*f?
2, 11
Let z(x) = -35*x - 67. Let u be z(-14). Let m = u + -238. List the prime factors of m.
5, 37
Suppose 3*r + 4*h = -98215 + 280524, -4*h + 121546 = 2*r. List the prime factors of r.
60763
Let h(i) = 12*i. Let w be h(6). Suppose 223*q - 3 + 31 = 237*q. Suppose 0 = q*f - f - w. List the prime factors of f.
2, 3
Suppose 21 = 2*t - 25. Let p be (1 - 0)*t - 0 - -1. Suppose -5*x + p + 6 = 0. What are the prime factors of x?
2, 3
Suppose -a = 5*k - 26411, -3*k - 4*a + 21116 = k. Suppose -6*o + k = 273. List the prime factors of o.
5, 167
Suppose 32*r = -13*r + 8*r + 217042. List the prime factors of r.
2, 7, 419
Let h be -5*(28/(-10) - -2). Suppose 3*y - 233 = t, -3*y - 170 = 4*t - 378. Suppose 5*l = -h*s + y, s - 32 = -4*l + 5*s. What are the prime factors of l?
2, 3
Let d = 23 - 2. Let v = 4079 + -3782. Suppose -3*c + v + d = 0. What are the prime factors of c?
2, 53
What are the prime factors of (3 - (-187)/(-68)) + (-9191)/(-4)?
2, 3, 383
Let b = 50016 - 35267. List the prime factors of b.
7, 43
Let n be -1*(-2)/(-13) - (-1604876)/338. Suppose -5*d - 268 = -n. What are the prime factors of d?
2, 7
Suppose 0 = 134*q - 113*q - 198345. What are the prime factors of q?
5, 1889
Let h = 35027 + -21569. What are the prime factors of h?
2, 3, 2243
Let j(b) = 7*b**3 - 10*b**2 - b + 15. Let s be j(8). Suppose s = 4*c + 6*o - 9*o, o - 743 = -c. Suppose -c = -14*k + 884. What are the prime factors of k?
2, 29
Suppose -223*h + 222*h + 43829 = -2*i, 2*i = -10. List the prime factors of h.
29, 1511
Suppose 32*u - 34*u + 5*m = -444, -u + 220 = -3*m. Let z = u - -1073. What are the prime factors of z?
3, 5, 29
Suppose 7*w + 13*w - 49814 = 33306. What are the prime factors of w?
2, 1039
Let g = 7349 - -7971. What are the prime factors of g?
2, 5, 383
Suppose 26*q + 35352 = 23*q. Let y be ((-2)/(-4))/((-12)/q). Suppose -4*c = -397 - y. What are the prime factors of c?
2, 3, 37
Let d be ((-2)/(-4))/((-18)/(-252)). Let g(a) = -8*a - 2*a + 20 + d + 9*a. List the prime factors of g(13).
2, 7
Suppose 160 = 32*f - 30*f. Suppose -2*b + 128 = 2*l, -5 = -3*l + 1. Let p = f - b. What are the prime factors of p?
2, 3
Let u(x) be the second derivative of -x**3 - 43*x**2 - 29*x. What are the prime factors of u(-24)?
2, 29
Let t = 125560 - 65024. What are the prime factors of t?
2, 7, 23, 47
Let f be 26/182 + (4616/14)/2. Let u = 578 + f. What are the prime factors of u?
743
Let x(j) = 3*j**2 + 45*j + 37. Let q be x(-29). Let w = q - 502. What are the prime factors of w?
3, 251
What are the prime factors of 0 - 3 - 1*3 - (-19760)/2?
2, 4937
Let a = 38450 + -10692. List the prime factors of a.
2, 13879
Suppose -255*s = 68*s - 16825716. List the prime factors of s.
2, 3, 1447
Let x(r) = 5*r - 43. Let j(f) = 3*f - 21. Let n(m) = 11*j(m) - 6*x(m). Let d be n(-5). Let p = 99 - d. List the prime factors of p.
3, 29
List the prime factors of 4*(126/(-84) + (-9018)/(-8)).
3, 19, 79
Let v(k) = 40*k**2 - 62*k + 1422. What are the prime factors of v(19)?
2, 3671
Suppose 0 = -3*l - 7 - 53. List the prime factors of (l/3 + 1)/(3/(-45)).
5, 17
Suppose -105*i + 1408032 = -9*i. List the prime factors of i.
3, 4889
Suppose 9*t = -6*t - 10995. Let y(b) = 2*b**2 + 6*b - 5. Let k be y(-4). List the prime factors of (-18)/(-27) + (-1)/(k/t).
5, 7
Let p = -41546 + 70353. List the prime factors of p.
28807
Suppose 0 = -8*g + 125*g - 444951. List the prime factors of g.
3803
Let z = 21122 + -20884. List the prime factors of z.
2, 7, 17
Let o = -3116 - -4460. Suppose -s = -5*c + o, -3*s = c - 0*c - 256. Let y = 395 - c. What are the prime factors of y?
127
Let q be -3*63/(-27) + -7. Suppose q = -4*l - 3*a + 607, 0 = 5*l + 2*a + 3*a - 765. What are the prime factors of l?
2, 37
Let y be (-3)/6 + 9/18. Suppose y = k - 2, 191 = c + 2*k - 172. What are the prime factors of c?
359
Suppose 0 = 2*d + 3*d - 25, -z + 2*d = -78. Suppose -4*j + 92 = 5*g - j, -3*g = -4*j - 61. Suppose g*w = 18*w + z. List the prime factors of w.
2, 11
Suppose 17*o - 41453 = -3679. Let b = o - 1413. What are the prime factors of b?
809
Let t(p) = -p**3 + 5*p**2 + 4*p - 4. Let u = 107 - 16. Let s = -87 + u. List the prime factors of t(s).
2, 7
Let b(f) = -f + 16. Let g(l) = -l**2. Let p(s) = b(s) - g(s). Let k be p(11). What are the prime factors of (1 - 0)*k - 1?
5
Let x = 210507 + -147934. What are the prime factors of x?
7, 1277
Let s(z) = -115*z**3 - z**2 - z + 2. Let u = 35 - 34. Let o be s(u). Let x = -12 - o. What are the prime factors of x?
103
Let g(v) = -33*v + 0*v**3 - v**2 - v**3 + 14*v + 33*v - 2. List the prime factors of g(-11).
2, 17, 31
Suppose 4*i - i + 5*z - 728 = 0, -4*i + 952 = 2*z. Suppose -i = -q + 2*u, 5*u - 2 = 3*u. List the prime factors of q.
2, 7, 17
Suppose 17*p = 18*p + 6162. Let s be 1/(1 - (-6159)/p). Suppose 14*y - s = -668. What are the prime factors of y?
3, 11
Let d be (-24)/(-1 + 3)*6/(-4). Suppose 16*q = 13*q + d. Suppose 354 = 4*v + q. What are the prime factors of v?
3, 29
Let f = 787 + -325. Let g = 246 - f. What are the prime factors of (9/(-2))/(9/g)?
2, 3
Let w(x) = 2*x**3 + 11*x**2 + 13*x + 48. Let a be w(-5). Let k be (7 + 0 + -2)/1. Suppose -2*q - a + 47 = k*s, 5 = s. List the prime factors of q.
7
Let p(h) = 2*h**3 - 2*h**2 - 24*h + 12. Let u(f) = -6*f + 285. Let w be u(46). List the prime factors of p(w).
2, 3, 7, 13
What are the prime factors of (-4276470)/(-60)*78/143?
3, 12959
Suppose -4*h + 33516 = 6*j, -2*j - 4*h - 828 + 11992 = 0. List the prime factors of j.
2, 11, 127
Let n = -70 + 70. Suppose -3*u = -5*y - 0*u + 477, n = -4*u + 4. Let w = y + -80. What are the prime factors of w?
2
Let u be (-8)/(-36) - (-6 + (-40)/(-18)). Suppose u*j = 2*x + 1724, -46*x + 1286 = 3*j - 44*x. What are the prime factors of j?
2, 5, 43
Let g(o) = 4*o**2 + 81*o - 31. List the prime factors of g(-51).
2, 3121
Let i(w) = w**3 + 8*w**2 + 8*w + 99. Let t be i(-9). What are the prime factors of (-9)/(t/(-3)) + 165/2?
2, 41
Suppose 8615 = 3*r + 5*m, -1176*m + 1173*m + 5743 = 2*r. What are the prime factors of r?
2, 5, 7, 41
Let q = 26387 - 19270. List the prime factors of q.
11, 647
Let z(w) = 8 + 1 - 2 - 2*w**2 + 4*w. Let c be z(3). Let l(m) = 88*m - 2. What are the prime factors of l(c)?
2, 43
Let v be (0 - -1)*-1 - -53. Let a = -48 + v. What are the prime factors of 3 + ((-3 + 4)*186 - a)?
5, 37
Let z(f) be the first derivative of f**4/4 + f**3 + f + 20. Let u be z(-2). Suppose -u*k = 2*r - 178, k + 445 = 5*r - k. List the prime factors of r.
89
Suppose s = -3*q - 190, 0 = 4*s - 3*q + 591 + 124. Let u = s - -1334. What are the prime factors of u?
1153
Let i be (-18)/81 - (-114)/27. Suppose -790 = -c - 5*a, -4*c - i*a + 118 = -2994. What are the prime factors of c?
5, 31
Let i = -747 + 1293. Suppose -3*s = -6*s + i. List the prime factors of s.
2, 7, 13
Let j be 29*4/(-8)*4. Let r = j - -56. What are the prime factors of -2 - (-109 + r) - (-4)/2?
3, 37
Let k(w) = 3*w**2 - w + 3. Let i be k(3). Let r = -255 + i. What are the prime factors of 0*1/(-3) + (-2 - r)?
2, 113
Let q(l) = 41*l**2 - 47*l - 279. Let x(h) = 19*h**2 - 23*h - 140. Let s(i) = -4*q(i) + 9*x(i). What are the prime factors of s(-9)?
2, 3, 11
What are the prime factors of (-8)/(677/(-225) - -3)?
2, 3, 5
Let o(b) = -38*b + 34 + 5*b + 17*b. Let s(t) = -16*t + 34. Let z(d) = -4*o(d) + 3*s(d). List the prime factors of z(5).
2, 23
Suppose -2*i = 4 + 74. Suppose -5*h - 295 = 70. Let a = i - h. What are the prime factors of a?
2, 17
Let j(x) be the first derivative of 11*x**2/2 + 23*x + 4. Let z be j(-7). Let d = -8 - z. What are the prime factors of d?
2, 23
Let n(p) = p**2 - 11*p - 1. Suppose 0 = 12*h - 24*h - 84. List the prime factors of n(h).
5
Suppose 2*o - 2 = -3*m, -2*o = -2*m + o + 10. Suppose -i + n + 3 = -5, m*n + 22 = 4*i. Suppose i*d - 5*d + 292 = 0. What are the prime factors of d?
2, 73
Suppose 52*i - 52*i + 3750138 = 189*i. List the prime factors of i.
2, 3, 3307
Suppose 0 = -40*u + 36*u + 152. Suppose 10 = 2*v, 3*y + 4*v + 173 = -u. Let a = y + 119. What are the prime factors of a?
2, 3, 7
Suppose -14*s - 1922 = -45*s. Suppose -s*n + 56*n = -5640. What are the prime factors of n?
2, 5, 4